ime factors of 1099?
7, 157
List the prime factors of 7052.
2, 41, 43
What are the prime factors of 1983?
3, 661
List the prime factors of 3161.
29, 109
List the prime factors of 118.
2, 59
List the prime factors of 3389.
3389
What are the prime factors of 272?
2, 17
What are the prime factors of 323?
17, 19
List the prime factors of 3114.
2, 3, 173
What are the prime factors of 12999?
3, 7, 619
What are the prime factors of 4070?
2, 5, 11, 37
List the prime factors of 2731.
2731
List the prime factors of 70065.
3, 5, 173
List the prime factors of 96547.
11, 67, 131
What are the prime factors of 5115?
3, 5, 11, 31
What are the prime factors of 119?
7, 17
What are the prime factors of 26827?
139, 193
List the prime factors of 40553.
107, 379
List the prime factors of 4250.
2, 5, 17
List the prime factors of 41962.
2, 20981
List the prime factors of 44122.
2, 13, 1697
What are the prime factors of 48283?
53, 911
List the prime factors of 29373.
3, 9791
List the prime factors of 17527.
17, 1031
What are the prime factors of 73043?
73043
List the prime factors of 2542.
2, 31, 41
What are the prime factors of 46269?
3, 53, 97
What are the prime factors of 493?
17, 29
List the prime factors of 126.
2, 3, 7
What are the prime factors of 4107?
3, 37
List the prime factors of 7606.
2, 3803
List the prime factors of 943.
23, 41
What are the prime factors of 17569?
17569
What are the prime factors of 53501?
7, 7643
List the prime factors of 58136.
2, 13, 43
What are the prime factors of 14480?
2, 5, 181
List the prime factors of 18549.
3, 229
List the prime factors of 4028.
2, 19, 53
List the prime factors of 10914.
2, 3, 17, 107
List the prime factors of 18764.
2, 4691
What are the prime factors of 3119?
3119
What are the prime factors of 896?
2, 7
What are the prime factors of 4200?
2, 3, 5, 7
List the prime factors of 4949.
7, 101
List the prime factors of 59939.
11, 5449
What are the prime factors of 2271?
3, 757
List the prime factors of 174058.
2, 29, 3001
What are the prime factors of 518?
2, 7, 37
What are the prime factors of 5649?
3, 7, 269
What are the prime factors of 1491?
3, 7, 71
What are the prime factors of 25611?
3, 8537
List the prime factors of 2427.
3, 809
List the prime factors of 522.
2, 3, 29
What are the prime factors of 743?
743
List the prime factors of 2681.
7, 383
List the prime factors of 4206.
2, 3, 701
What are the prime factors of 149187?
3, 223
What are the prime factors of 9603?
3, 11, 97
What are the prime factors of 968?
2, 11
What are the prime factors of 10769?
11, 89
List the prime factors of 4060.
2, 5, 7, 29
List the prime factors of 1338.
2, 3, 223
What are the prime factors of 1870?
2, 5, 11, 17
What are the prime factors of 7395?
3, 5, 17, 29
List the prime factors of 11460.
2, 3, 5, 191
What are the prime factors of 30?
2, 3, 5
What are the prime factors of 162823?
162823
List the prime factors of 52127.
52127
List the prime factors of 88529.
7, 12647
List the prime factors of 4422.
2, 3, 11, 67
What are the prime factors of 99872?
2, 3121
List the prime factors of 24408.
2, 3, 113
List the prime factors of 2426.
2, 1213
What are the prime factors of 1623?
3, 541
List the prime factors of 1157.
13, 89
What are the prime factors of 509?
509
What are the prime factors of 955?
5, 191
List the prime factors of 74618.
2, 37309
List the prime factors of 1993.
1993
List the prime factors of 2697.
3, 29, 31
List the prime factors of 27765.
3, 5, 617
List the prime factors of 100627.
47, 2141
List the prime factors of 46191.
3, 89, 173
What are the prime factors of 464?
2, 29
List the prime factors of 29656.
2, 11, 337
What are the prime factors of 1427?
1427
What are the prime factors of 2724?
2, 3, 227
What are the prime factors of 240?
2, 3, 5
What are the prime factors of 3371?
3371
List the prime factors of 36415.
5, 7283
What are the prime factors of 12750?
2, 3, 5, 17
What are the prime factors of 29462?
2, 14731
List the prime factors of 69193.
69193
List the prime factors of 1005.
3, 5, 67
What are the prime factors of 2517?
3, 839
List the prime factors of 21438.
2, 3, 397
What are the prime factors of 922?
2, 461
List the prime factors of 697.
17, 41
What are the prime factors of 818?
2, 409
List the prime factors of 179229.
3, 59743
List the prime factors of 11694.
2, 3, 1949
List the prime factors of 651.
3, 7, 31
List the prime factors of 547.
547
List the prime factors of 66665.
5, 67, 199
List the prime factors of 24427.
13, 1879
What are the prime factors of 1362?
2, 3, 227
List the prime factors of 282.
2, 3, 47
What are the prime factors of 9980?
2, 5, 499
List the prime factors of 1270.
2, 5, 127
What are the prime factors of 13363?
7, 23, 83
List the prime factors of 1030.
2, 5, 103
What are the prime factors of 753?
3, 251
List the prime factors of 716.
2, 179
List the prime factors of 46406.
2, 23203
What are the prime factors of 5790?
2, 3, 5, 193
What are the prime factors of 21432?
2, 3, 19, 47
What are the prime factors of 357?
3, 7, 17
What are the prime factors of 12787?
19, 673
List the prime factors of 574.
2, 7, 41
List the prime factors of 647.
647
What are the prime factors of 21961?
21961
List the prime factors of 64110.
2, 3, 5, 2137
List the prime factors of 22259.
22259
List the prime factors of 2853.
3, 317
List the prime factors of 14412.
2, 3, 1201
What are the prime factors of 2950?
2, 5, 59
What are the prime factors of 1437?
3, 479
What are the prime factors of 767?
13, 59
What are the prime factors of 11053?
7, 1579
What are the prime factors of 145229?
7, 20747
List the prime factors of 10521.
3, 7, 167
List the prime factors of 1122.
2, 3, 11, 17
List the prime factors of 129833.
11, 29, 37
List the prime factors of 1322.
2, 661
List the prime factors of 5808.
2, 3, 11
What are the prime factors of 1351?
7, 193
List the prime factors of 255.
3, 5, 17
List the prime factors of 7319.
13, 563
What are the prime factors of 5149?
19, 271
List the prime factors of 601.
601
What are the prime factors of 62090?
2, 5, 7, 887
What are the prime factors of 26652?
2, 3, 2221
List the prime factors of 9916.
2, 37, 67
List the prime factors of 11370.
2, 3, 5, 379
What are the prime factors of 1371?
3, 457
List the prime factors of 2006.
2, 17, 59
List the prime factors of 3296.
2, 103
What are the prime factors of 4717?
53, 89
What are the prime factors of 166948?
2, 41737
List the prime factors of 3194.
2, 1597
What are the prime factors of 225?
3, 5
List the prime factors of 8366.
2, 47, 89
What are the prime factors of 5950?
2, 5, 7, 17
List the prime factors of 43192.
2, 5399
What are the prime factors of 7837?
17, 461
What are the prime factors of 22798?
2, 11399
List the prime factors of 14862.
2, 3, 2477
List the prime factors of 86938.
2, 17, 2557
List the prime factors of 1732.
2, 433
List the prime factors of 117.
3, 13
List the prime factors of 2533.
17, 149
What are the prime factors of 102804?
2, 3, 13, 659
List the prime factors of 3843.
3, 7, 61
List the prime factors of 243.
3
What are the prime factors of 7882?
2, 7, 563
What are the prime factors of 1415?
5, 283
What are the prime factors of 6812?
2, 13, 131
List the prime factors of 21783.
3, 53, 137
List the prime factors of 4257.
3, 11, 43
What are the prime factors of 7921?
89
List the prime factors of 868.
2, 7, 31
What are the prime factors of 987?
3, 7, 47
What are the prime factors of 2745?
3, 5, 61
What are the prime factors of 74005?
5, 19, 41
List the prime factors of 60022.
2, 30011
What are the prime factors of 1007?
19, 53
List the prime factors of 98543.
98543
What are the prime factors of 44363?
11, 37, 109
List the prime factors of 5295.
3, 5, 353
What are the prime factors of 105928?
2, 13241
What are the prime factors of 1646?
2, 823
What are the prime factors of 36901?
36901
What are the prime factors of 1834?
2, 7, 131
What are the prime factors of 5709?
3, 11, 173
What are the prime factors of 115158?
2, 3, 17, 1129
What are the prime factors of 3233?
53, 61
List the prime factors of 9160.
2, 5, 229
List the prime factors of 22725.
3, 5, 101
What are the prime factors of 45?
3, 5
What are the prime factors of 6069?
3, 7, 17
What are the prime factors of 7436?
2, 11, 13
List the prime factors